y 26.
25
Suppose -12*c = -8*c. Suppose c = 27*i - 25*i - 6. Let s = i - -10. What is the remainder when 50 is divided by s?
11
Suppose 0 = -3*o + 2*o, -2*o - 144 = -k. Calculate the remainder when k is divided by 48.
0
Suppose 3*l - 101 = 4*h + 1220, 0 = -l - 5. Let b = h + 165. Let a = 288 + b. Calculate the remainder when a is divided by 30.
29
Suppose 18 = -5*p + 5*f + 93, 0 = p + 3*f - 23. What is the remainder when 21 is divided by (p/((-17)/22))/(-2)?
10
Let f(s) = 104*s. Let y(j) = 21*j. Let p(a) = 5*f(a) - 26*y(a). What is the remainder when p(-5) is divided by 33?
31
Suppose 5*z = -4*h + 415, 3*h + 0*h + 83 = z. What is the remainder when -10 + 41 + -28 - -51 is divided by (-3)/(-18) - z/(-6)?
12
Let o = -702 - -212. Let j = 823 + o. Calculate the remainder when j is divided by 84.
81
Let v = -122 - -149. Suppose v*k - 72 = 19*k. Calculate the remainder when 26 is divided by k.
8
Let k = 360 + -650. Let z = k - -696. Calculate the remainder when z is divided by 24.
22
Let a = -14710 - -15147. Calculate the remainder when 497 is divided by a.
60
Suppose s - 51 = -3*i, s - 56 = -4*i + 12. Let f = 25 + -22. Suppose -2*x = -4*t - x + 123, 79 = 2*t + f*x. What is the remainder when t is divided by i?
15
Suppose 34*m - 330 = 28*m. Suppose -v - m + 263 = -n, 12 = -4*n. What is the remainder when v is divided by 13?
10
Let s(v) = -2*v**2 + 76*v - 176. Let u be s(35). Suppose 10*f - u = 126. What is the remainder when 123 is divided by f?
11
Let v(h) = 99*h**2 - 966*h - 190. Suppose -78 = -3*f + 18. What is the remainder when v(10) is divided by f?
18
Suppose 0 = -4*i, 3*i - 12 = -3*h + h. What is the remainder when (34749/715)/((-1)/(-5)) is divided by h?
3
Suppose 0*q + 7*q = -1057. Let f = 345 + q. Let h = f + -121. What is the remainder when h is divided by 16?
9
Let k = -47 + 50. Suppose -156 = -3*p - 3*s, k*p - 4*s = -2*p + 242. Suppose -2*y = -30 - p. Calculate the remainder when y is divided by 14.
12
Let c = 97 - 78. What is the remainder when 63/2*(5 + 3 + -2) is divided by c?
18
Let l(s) = 2*s**3 + 38*s**2 - 30*s - 476. Calculate the remainder when l(-18) is divided by 18.
10
Let x(g) = 5*g + 3. Let w(f) = -32*f - 57. Let l be w(-6). Let a = l + -126. What is the remainder when x(6) is divided by a?
6
Calculate the remainder when -2 + 1 + (-3*8)/(-4) + 707 is divided by 189.
145
Let i = 45 - 44. Calculate the remainder when 268 is divided by -5*(i - 3 - 1)*3.
43
Suppose 5*i - 195867 = 3*l, i - 4*l - 3101 = 36069. Calculate the remainder when i is divided by 27.
24
Let g = 4 - 13. Let p = 16 - g. Calculate the remainder when (188/(-10))/((-162)/405) is divided by p.
22
Let n(w) = 136*w**2 + 3*w - 2. Suppose f + 9*f = 80. Suppose -7 = f*u - 15*u. Calculate the remainder when n(u) is divided by 23.
22
Suppose 564 = 3*b + 2*z, -4*b - z - 6292 = -7054. What is the remainder when 1441 is divided by b?
97
Let r(u) = 26*u**2. Suppose 23 = 21*l - 20*l + 4*h, 3*l + h - 58 = 0. What is the remainder when r(1) is divided by l?
7
Suppose 14*p + 67*p + 813 = 3810. Calculate the remainder when 221 is divided by p.
36
Suppose 6 + 3 = -x - 3*m, 3*x + m = 13. Suppose -x*d = -d - 15. What is the remainder when 10/(-65) + (-212)/(-26) is divided by d?
2
Let i be (4 - (-4 + 7))*0. Let l(o) = -44 + 4*o**2 - o**2 + i*o**2 - 2*o**2 - 8*o. Calculate the remainder when 39 is divided by l(13).
18
Suppose -13*w - 2*x = x - 4810, 4*w = -3*x + 1480. What is the remainder when w is divided by 49?
27
Let h(p) = 6*p**2 + 12*p - 1. Let i be h(-1). Let l(f) = -5*f + 26. What is the remainder when 425 is divided by l(i)?
59
Let g(r) = 2*r**2 - 6*r - 116. Let w be g(-11). Let u = w - 190. Calculate the remainder when 86 is divided by u.
0
Let g(l) = -l**3 - l**2 - l + 495. Let m be g(0). Suppose -2*t + 13*t = m. Calculate the remainder when t is divided by 11 - 2/(-4 + 2).
9
Let g(h) = -33*h + 391. Calculate the remainder when 107 is divided by g(11).
23
Let i(h) = 6*h + 82. Let b be i(-13). What is the remainder when 141 is divided by 33 - (5/((-20)/12) + b)?
13
Let m(g) = 2*g - 20. Suppose 404 = 8*w - 612. What is the remainder when w is divided by m(14)?
7
Let o(t) = -t**2 - 19*t - 47. Let u be o(-16). Let s be (3 + -904 - u)*1/(-2). Suppose s = 8*m + 3. What is the remainder when m is divided by 30?
26
Let m = -213 - -236. Suppose 0 = m*o - 7*o - 80. Calculate the remainder when o is divided by 3.
2
Suppose 177*i - 63075 = 102*i. What is the remainder when i is divided by 122?
109
Calculate the remainder when 6180 is divided by -5 - (-15)/((-330)/(-22748)).
6
Let x(z) be the first derivative of -z**4/4 + 7*z**3/3 - 5*z**2/2 + 13*z + 160. What is the remainder when 1/(1/73*1) is divided by x(5)?
35
Suppose 2*f + z = 370, 0*f = -2*f + 3*z + 354. Let p = 784 - 738. What is the remainder when f is divided by p?
45
Suppose -6 = -z - 0. Let k = -60 + 55. Calculate the remainder when 6 + k + 3 + 16 + 1 is divided by z.
3
Suppose 5*r - 5*c = 65, 0*c + 20 = 2*r + 4*c. Suppose r = d - i + 2*i, 0 = 2*d + 5*i - 33. Calculate the remainder when 143 is divided by d.
8
Calculate the remainder when 652 is divided by 4/(-8)*((-8)/(-2) - (-10 - -80)).
25
Let z(k) = -k**2 - 49*k - 272. Suppose 0 = 6*x - 45 - 339. Calculate the remainder when x is divided by z(-42).
20
Suppose -1608 = 5*w + b, 0 = 5*w + 6*b - 3*b + 1604. Let x = -204 - w. Calculate the remainder when x is divided by 21.
13
Let d be (-102)/85 - 78/(-15). Suppose 0 = -j + d*u + 82, 11*j + 84 = 12*j - 2*u. What is the remainder when j is divided by 22?
20
Suppose -m + 19 = -34. Let q be 11/4 + 12/48. What is the remainder when m is divided by (-1 - q) + (-270)/(-15)?
11
Let k(c) = -c**3 - 13*c**2 - 122*c - 20. What is the remainder when k(-8) is divided by 201?
33
Let b = 206 - 206. Suppose -2*j - 568 = -5*s, -119 = -s - b*j - 5*j. What is the remainder when s is divided by 59?
55
Suppose -3*o = -20 - 70. Let q be 1*(4 - 845/(3 + 2)). Let r = -46 - q. What is the remainder when r is divided by o?
29
Suppose 0 = 6*u - 2*u - 40. Suppose -3*d + 5*l + 2 = d, -2*d - 2*l = -u. What is the remainder when 14 is divided by d?
2
Let i = 1092 + -579. Suppose -i = -z - 2*z. Suppose z = 5*d + 36. Calculate the remainder when d is divided by 7.
6
Let r(m) = -173*m - 1375. What is the remainder when 1330 is divided by r(-8)?
7
Let p = 17069 - 16970. Calculate the remainder when 487 is divided by p.
91
Let b(c) = 1468*c**2 + 367*c - 738. Calculate the remainder when b(2) is divided by 103.
100
Let g = 13399 - 13239. Calculate the remainder when 1105 is divided by g.
145
Let j(h) = -h**3 + 8*h**2 + h + 3. Let f be (-2)/(-1) - (0 - -378)/(-9). Suppose -160*w = -158*w - f. What is the remainder when j(5) is divided by w?
17
Suppose 0 = 20*n + 20*n. Let g(p) = -p**3 - p**2 + 2*p + 53. Calculate the remainder when g(n) is divided by 14.
11
Let m = -27 - -112. Suppose 2*y = 5*p + 21, -13*p + 8*p = 4*y - 87. Suppose 3*b - y*b = -330. Calculate the remainder when m is divided by b.
19
Let p(m) = -9*m**3 + 2*m**2 + 4*m + 1. Let h = 180 - 181. What is the remainder when p(h) is divided by 8?
0
Let w be 240/168*7/2. Suppose o + w*o - 612 = 0. Suppose -j = j - 4*d - 22, -26 = -j - d. What is the remainder when o is divided by j?
18
Suppose 26 = s - 12. Suppose 10*y + 23*y + 462 = 0. Let o(l) = 2*l**3 + 28*l**2 + 5. What is the remainder when s is divided by o(y)?
3
Let y(t) = 4*t - 18. Let z be y(5). Suppose -4*l - z*s = -6*s - 172, -213 = -5*l + 4*s. Suppose -7*u - 6 = -l. What is the remainder when 28 is divided by u?
3
Suppose -2*r + 20*t - 15*t = -37, -3*r - 4*t = -21. Let y = 17 - -111. Calculate the remainder when y is divided by r.
7
Let l be (-6)/12*14 + -12. Calculate the remainder when 45 is divided by (l - 25/5)*(-3)/9.
5
Suppose -124*f - 12 = -120*f, -t + 5*f = -193. What is the remainder when 713 is divided by t?
1
Let b(u) = -u**3 + 8*u**2 + 11*u + 35. Let q = 396 + -388. What is the remainder when b(q) is divided by 25?
23
Let a = 244 + -160. Suppose -17*v - a = -19*v. Suppose -5*j + v = 2*l - 4*l, 0 = -5*j - l + 39. What is the remainder when j is divided by 3?
2
Let d(s) = 6*s + 249. What is the remainder when 5146 is divided by d(-35)?
37
Let f be (-255)/(-6)*16/20. Suppose -2*d - 5*u - 65 = 0, d + u + f = -0*u. Let h = 66 + 